{"id":12125,"date":"2023-01-09T12:03:34","date_gmt":"2023-01-09T17:03:34","guid":{"rendered":"https:\/\/revues.dev.uqam.ca\/iref\/?page_id=13"},"modified":"2025-02-14T23:12:50","modified_gmt":"2025-02-14T23:12:50","slug":"equipe-editoriale","status":"publish","type":"page","link":"https:\/\/revues-alpha.uqam.ca\/feminetudes\/a-propos\/equipe-editoriale\/","title":{"rendered":"\u00c9quipe \u00e9ditoriale"},"content":{"rendered":"\n<p>Deux entit\u00e9s assurent le fonctionnement interne de la revue, soit les sous-comit\u00e9s et le comit\u00e9 permanent. Les candidat\u00b7e\u00b7s s\u00e9lectionn\u00e9\u00b7e\u00b7s pour faire partie du comit\u00e9 permanent ont pass\u00e9 des entrevues et ont \u00e9t\u00e9 s\u00e9lectionn\u00e9\u00b7e\u00b7s par les membres \u0153uvrant au sein de la revue au moment du recrutement. Les membres du comit\u00e9 permanent s&rsquo;impliquent \u00e9galement dans les diff\u00e9rents sous-comit\u00e9s et assurent la communication entre les dossiers lors d\u2019une rencontre mensuelle. Le comit\u00e9 permanent est autog\u00e9r\u00e9 et fonctionne de mani\u00e8re horizontale, il n\u2019y a donc pas de hi\u00e9rarchie entre les membres. Toutes les d\u00e9cisions sont prises \u00e0 l&rsquo;unanimit\u00e9 par le groupe, dans un souci d\u2019\u00e9galit\u00e9 et d\u2019ouverture. Une personne membre, charg\u00e9e de la coordination, assure le suivi avec l&rsquo;Institut de Recherches et d&rsquo;\u00c9tudes F\u00e9ministes (IREF), notre \u00e9diteur.<\/p>\n\n\n\n<p>Les sous-comit\u00e9s sont r\u00e9partis dans six d\u00e9partements ind\u00e9pendants. Le d\u00e9partement de r\u00e9daction et d\u2019\u00e9dition s\u2019occupe de r\u00e9diger l\u2019appel de textes, de proc\u00e9der \u00e0 la s\u00e9lection des textes soumis ainsi que de commenter et corriger les textes tout au long du processus \u00e9ditorial. Pour sa part, le comit\u00e9 des communications s\u2019applique plut\u00f4t \u00e0 faire des publications sur nos r\u00e9seaux sociaux, \u00e0 d\u00e9velopper des outils promotionnels ainsi que d\u2019assurer l\u2019impression et le graphisme. Le sous-comit\u00e9 de structure est charg\u00e9 de  r\u00e9diger des documents quant \u00e0 l\u2019identit\u00e9 de la revue tout en d\u00e9veloppant des outils organisationnels. Les membres du sous-comit\u00e9 des finances produisent un bilan financier, r\u00e9digent les demandes de subventions et assurent le suivi des finances. Un sous-comit\u00e9 est \u00e9galement form\u00e9 pour les points de vente. Finalement, le sous-comit\u00e9 de l&rsquo;\u00e9v\u00e9nementiel s\u2019occupe des pr\u00e9paratifs en vue du lancement de la revue<\/p>\n\n\n\n<h2 class=\"wp-block-heading\">Comit\u00e9 permanent pour le num\u00e9ro 25<\/h2>\n\n\n\n<p>Maude Agin-Blais, \u00e9tudiante \u00e0 la ma\u00eetrise en \u00e9tudes litt\u00e9raires, titulaire d\u2019un certificat en \u00e9tudes f\u00e9ministes, UQAM, membre de la revue depuis septembre 2019.<\/p>\n\n\n\n<p>Julie Debroux, \u00e9tudiante au doctorat sur mesure en \u00e9tudes autochtones, INRS-UCS, titulaire d\u2019une ma\u00eetrise en anthropologie, ULB, membre de la revue depuis mars 2024.<\/p>\n\n\n\n<p>Sarah Fontier, \u00e9tudiante \u00e0 la ma\u00eetrise sur mesure en \u00e9tudes autochtones, INRS-UCS, membre de la revue depuis mars 2024.&nbsp;<\/p>\n\n\n\n<p>\u00c9rika Houle, \u00e9tudiante \u00e0 la ma\u00eetrise en \u00e9tudes litt\u00e9raires, concentration en \u00e9tudes f\u00e9ministes, UQAM, membre de la revue depuis mars 2024.<\/p>\n\n\n\n<p>Ga\u00eblle Landreville, \u00e9tudiante \u00e0 la ma\u00eetrise en \u00e9tudes litt\u00e9raires, concentration en \u00e9tudes f\u00e9ministes, UQAM, membre de la revue depuis mars 2024.<\/p>\n\n\n\n<p>Audrey Pepin, \u00e9tudiante \u00e0 la ma\u00eetrise en science politique, concentration en \u00e9tudes f\u00e9ministes, UQAM, membre de la revue depuis mars 2024.<\/p>\n\n\n\n<p>Flora Roussel, titulaire d\u2019un doctorat en litt\u00e9rature compar\u00e9e et g\u00e9n\u00e9rale de l\u2019Universit\u00e9 de Montr\u00e9al, charg\u00e9e de cours et chercheuse, membre de la revue depuis mars 2022.<\/p>\n\n\n\n<p>Marie-Maude Roy, \u00e9tudiante au doctorat en psychologie, profil scientifique-professionnel, UQAM, titulaire d\u2019une ma\u00eetrise individualis\u00e9e en physique et communication de l\u2019Universit\u00e9 de Montr\u00e9al, membre de la revue depuis mars 2024.<\/p>\n\n\n\n<p>Lisa Van Campenhout, \u00e9tudiante au doctorat sur mesure en \u00e9tudes autochtones, INRS-UCS, titulaire d\u2019une ma\u00eetrise en sociologie, concentration en \u00e9tudes f\u00e9ministes, UQAM, membre de la revue depuis mars 2024.<\/p>\n\n\n\n<h2 class=\"wp-block-heading\">Sous-comit\u00e9s pour le num\u00e9ro 25<\/h2>\n\n\n\n<h3 class=\"wp-block-heading\">Coordination<\/h3>\n\n\n\n<p>Maude Agin-Blais<\/p>\n\n\n\n<h3 class=\"wp-block-heading\">Communication<\/h3>\n\n\n\n<p>Audrey Pepin<br>Marie-Maude Roy<br>Lisa Van Campenhout<\/p>\n\n\n\n<h3 class=\"wp-block-heading\">S\u00e9lection des contributions<\/h3>\n\n\n\n<p>Maude Agin-Blais<br>Gabrielle Chartrand<br>L\u00e9a Couture<br>Julie Debroux<br>Sarah Fontier<br>\u00c9rika Houle<br>Audrey Pepin<br>Marie-Maude Roy<br>Lisa Van Campenhout<\/p>\n\n\n\n<h3 class=\"wp-block-heading\">R\u00e9vision des contributions <\/h3>\n\n\n\n<p>Maude Agin-Blais<br>Maggie Bertolacci<br>Gabrielle Chartrand<br>L\u00e9a Couture<br>Julie Debroux<br>Sarah Fontier<br>\u00c9rika Houle<br>Ga\u00eblle Landreville<br>Audrey Pepin<br>Marie-Maude Roy<br>Lisa Van Campenhout<\/p>\n\n\n\n<h3 class=\"wp-block-heading\">Finances<\/h3>\n\n\n\n<p>Julie Debroux<br>Flora Roussel<\/p>\n\n\n\n<h3 class=\"wp-block-heading\">\u00c9v\u00e9nementiel<\/h3>\n\n\n\n<p>Maude Agin-Blais<br>Sarah Fontier<\/p>\n","protected":false},"excerpt":{"rendered":"<p>Deux entit\u00e9s assurent le fonctionnement interne de la revue, soit les sous-comit\u00e9s et le comit\u00e9 permanent. Les candidat\u00b7e\u00b7s s\u00e9lectionn\u00e9\u00b7e\u00b7s pour faire partie du comit\u00e9 permanent ont pass\u00e9 des entrevues et ont \u00e9t\u00e9 s\u00e9lectionn\u00e9\u00b7e\u00b7s par les membres \u0153uvrant au sein de la revue au moment du recrutement. Les membres du comit\u00e9 permanent s&rsquo;impliquent \u00e9galement dans les [&hellip;]<\/p>\n","protected":false},"author":1,"featured_media":0,"parent":18,"menu_order":1,"comment_status":"closed","ping_status":"closed","template":"","meta":{"_acf_changed":false,"advgb_blocks_editor_width":"","advgb_blocks_columns_visual_guide":"","footnotes":""},"categories":[],"class_list":["post-12125","page","type-page","status-publish","hentry"],"acf":[],"yoast_head":"<!-- This site is optimized with the Yoast SEO plugin v27.4 - https:\/\/yoast.com\/product\/yoast-seo-wordpress\/ -->\n<title>\u00c9quipe \u00e9ditoriale | Revue F\u00e9min\u00c9tudes<\/title>\n<meta name=\"robots\" content=\"index, follow, max-snippet:-1, max-image-preview:large, max-video-preview:-1\" \/>\n<link rel=\"canonical\" href=\"https:\/\/revues-alpha.uqam.ca\/feminetudes\/a-propos\/equipe-editoriale\/\" \/>\n<meta property=\"og:locale\" content=\"fr_CA\" \/>\n<meta property=\"og:type\" content=\"article\" \/>\n<meta property=\"og:title\" content=\"\u00c9quipe \u00e9ditoriale | Revue F\u00e9min\u00c9tudes\" \/>\n<meta property=\"og:description\" content=\"Deux entit\u00e9s assurent le fonctionnement interne de la revue, soit les sous-comit\u00e9s et le comit\u00e9 permanent. Les candidat\u00b7e\u00b7s s\u00e9lectionn\u00e9\u00b7e\u00b7s pour faire partie du comit\u00e9 permanent ont pass\u00e9 des entrevues et ont \u00e9t\u00e9 s\u00e9lectionn\u00e9\u00b7e\u00b7s par les membres \u0153uvrant au sein de la revue au moment du recrutement. Les membres du comit\u00e9 permanent s&rsquo;impliquent \u00e9galement dans les [&hellip;]\" \/>\n<meta property=\"og:url\" content=\"https:\/\/revues-alpha.uqam.ca\/feminetudes\/a-propos\/equipe-editoriale\/\" \/>\n<meta property=\"og:site_name\" content=\"Revue F\u00e9min\u00c9tudes\" \/>\n<meta property=\"article:modified_time\" content=\"2025-02-14T23:12:50+00:00\" \/>\n<meta property=\"og:image\" content=\"https:\/\/revues-alpha.uqam.ca\/feminetudes\/wp-content\/uploads\/sites\/8\/2024\/04\/Logo-carre-NONOFFICIEL.png\" \/>\n\t<meta property=\"og:image:width\" content=\"360\" \/>\n\t<meta property=\"og:image:height\" content=\"360\" \/>\n\t<meta property=\"og:image:type\" content=\"image\/png\" \/>\n<meta name=\"twitter:card\" content=\"summary_large_image\" \/>\n<meta name=\"twitter:label1\" content=\"Estimation du temps de lecture\" \/>\n\t<meta name=\"twitter:data1\" content=\"3 minutes\" \/>\n<script type=\"application\/ld+json\" class=\"yoast-schema-graph\">{\"@context\":\"https:\\\/\\\/schema.org\",\"@graph\":[{\"@type\":\"WebPage\",\"@id\":\"https:\\\/\\\/revues-alpha.uqam.ca\\\/feminetudes\\\/a-propos\\\/equipe-editoriale\\\/\",\"url\":\"https:\\\/\\\/revues-alpha.uqam.ca\\\/feminetudes\\\/a-propos\\\/equipe-editoriale\\\/\",\"name\":\"\u00c9quipe \u00e9ditoriale | Revue F\u00e9min\u00c9tudes\",\"isPartOf\":{\"@id\":\"https:\\\/\\\/revues-alpha.uqam.ca\\\/feminetudes\\\/#website\"},\"datePublished\":\"2023-01-09T17:03:34+00:00\",\"dateModified\":\"2025-02-14T23:12:50+00:00\",\"breadcrumb\":{\"@id\":\"https:\\\/\\\/revues-alpha.uqam.ca\\\/feminetudes\\\/a-propos\\\/equipe-editoriale\\\/#breadcrumb\"},\"inLanguage\":\"fr-CA\",\"potentialAction\":[{\"@type\":\"ReadAction\",\"target\":[\"https:\\\/\\\/revues-alpha.uqam.ca\\\/feminetudes\\\/a-propos\\\/equipe-editoriale\\\/\"]}]},{\"@type\":\"BreadcrumbList\",\"@id\":\"https:\\\/\\\/revues-alpha.uqam.ca\\\/feminetudes\\\/a-propos\\\/equipe-editoriale\\\/#breadcrumb\",\"itemListElement\":[{\"@type\":\"ListItem\",\"position\":1,\"name\":\"UQAM\",\"item\":\"https:\\\/\\\/uqam.ca\"},{\"@type\":\"ListItem\",\"position\":2,\"name\":\"Revue F\u00e9min\u00c9tudes\",\"item\":\"https:\\\/\\\/revues-alpha.uqam.ca\\\/feminetudes\"},{\"@type\":\"ListItem\",\"position\":3,\"name\":\"\u00c0 propos\",\"item\":\"https:\\\/\\\/revues-alpha.uqam.ca\\\/feminetudes\\\/a-propos\\\/\"},{\"@type\":\"ListItem\",\"position\":4,\"name\":\"\u00c9quipe \u00e9ditoriale\"}]},{\"@type\":\"WebSite\",\"@id\":\"https:\\\/\\\/revues-alpha.uqam.ca\\\/feminetudes\\\/#website\",\"url\":\"https:\\\/\\\/revues-alpha.uqam.ca\\\/feminetudes\\\/\",\"name\":\"Mod\u00e8le revue\",\"description\":\"\",\"alternateName\":\"Mod\u00e8le revue UQAM\",\"potentialAction\":[{\"@type\":\"SearchAction\",\"target\":{\"@type\":\"EntryPoint\",\"urlTemplate\":\"https:\\\/\\\/revues-alpha.uqam.ca\\\/feminetudes\\\/recherche\\\/?q={search_term_string}\"},\"query-input\":{\"@type\":\"PropertyValueSpecification\",\"valueRequired\":true,\"valueName\":\"search_term_string\"}}],\"inLanguage\":\"fr-CA\"}]}<\/script>\n<!-- \/ Yoast SEO plugin. -->","yoast_head_json":{"title":"\u00c9quipe \u00e9ditoriale | Revue F\u00e9min\u00c9tudes","robots":{"index":"index","follow":"follow","max-snippet":"max-snippet:-1","max-image-preview":"max-image-preview:large","max-video-preview":"max-video-preview:-1"},"canonical":"https:\/\/revues-alpha.uqam.ca\/feminetudes\/a-propos\/equipe-editoriale\/","og_locale":"fr_CA","og_type":"article","og_title":"\u00c9quipe \u00e9ditoriale | Revue F\u00e9min\u00c9tudes","og_description":"Deux entit\u00e9s assurent le fonctionnement interne de la revue, soit les sous-comit\u00e9s et le comit\u00e9 permanent. Les candidat\u00b7e\u00b7s s\u00e9lectionn\u00e9\u00b7e\u00b7s pour faire partie du comit\u00e9 permanent ont pass\u00e9 des entrevues et ont \u00e9t\u00e9 s\u00e9lectionn\u00e9\u00b7e\u00b7s par les membres \u0153uvrant au sein de la revue au moment du recrutement. Les membres du comit\u00e9 permanent s&rsquo;impliquent \u00e9galement dans les [&hellip;]","og_url":"https:\/\/revues-alpha.uqam.ca\/feminetudes\/a-propos\/equipe-editoriale\/","og_site_name":"Revue F\u00e9min\u00c9tudes","article_modified_time":"2025-02-14T23:12:50+00:00","og_image":[{"width":360,"height":360,"url":"https:\/\/revues-alpha.uqam.ca\/feminetudes\/wp-content\/uploads\/sites\/8\/2024\/04\/Logo-carre-NONOFFICIEL.png","type":"image\/png"}],"twitter_card":"summary_large_image","twitter_misc":{"Estimation du temps de lecture":"3 minutes"},"schema":{"@context":"https:\/\/schema.org","@graph":[{"@type":"WebPage","@id":"https:\/\/revues-alpha.uqam.ca\/feminetudes\/a-propos\/equipe-editoriale\/","url":"https:\/\/revues-alpha.uqam.ca\/feminetudes\/a-propos\/equipe-editoriale\/","name":"\u00c9quipe \u00e9ditoriale | Revue F\u00e9min\u00c9tudes","isPartOf":{"@id":"https:\/\/revues-alpha.uqam.ca\/feminetudes\/#website"},"datePublished":"2023-01-09T17:03:34+00:00","dateModified":"2025-02-14T23:12:50+00:00","breadcrumb":{"@id":"https:\/\/revues-alpha.uqam.ca\/feminetudes\/a-propos\/equipe-editoriale\/#breadcrumb"},"inLanguage":"fr-CA","potentialAction":[{"@type":"ReadAction","target":["https:\/\/revues-alpha.uqam.ca\/feminetudes\/a-propos\/equipe-editoriale\/"]}]},{"@type":"BreadcrumbList","@id":"https:\/\/revues-alpha.uqam.ca\/feminetudes\/a-propos\/equipe-editoriale\/#breadcrumb","itemListElement":[{"@type":"ListItem","position":1,"name":"UQAM","item":"https:\/\/uqam.ca"},{"@type":"ListItem","position":2,"name":"Revue F\u00e9min\u00c9tudes","item":"https:\/\/revues-alpha.uqam.ca\/feminetudes"},{"@type":"ListItem","position":3,"name":"\u00c0 propos","item":"https:\/\/revues-alpha.uqam.ca\/feminetudes\/a-propos\/"},{"@type":"ListItem","position":4,"name":"\u00c9quipe \u00e9ditoriale"}]},{"@type":"WebSite","@id":"https:\/\/revues-alpha.uqam.ca\/feminetudes\/#website","url":"https:\/\/revues-alpha.uqam.ca\/feminetudes\/","name":"Mod\u00e8le revue","description":"","alternateName":"Mod\u00e8le revue UQAM","potentialAction":[{"@type":"SearchAction","target":{"@type":"EntryPoint","urlTemplate":"https:\/\/revues-alpha.uqam.ca\/feminetudes\/recherche\/?q={search_term_string}"},"query-input":{"@type":"PropertyValueSpecification","valueRequired":true,"valueName":"search_term_string"}}],"inLanguage":"fr-CA"}]}},"coauthors":[{"link":"https:\/\/revues-alpha.uqam.ca\/feminetudes\/author\/laporte_jon\/","display_name":"Jonathan Laporte"}],"author_meta":{"author_link":"https:\/\/revues-alpha.uqam.ca\/feminetudes\/author\/laporte_jon\/","display_name":"Jonathan Laporte"},"relative_dates":{"created":"Posted 3 ann\u00e9es ago","modified":"Updated 1 ann\u00e9e ago"},"absolute_dates":{"created":"Posted on 2023-01-09","modified":"Updated on 2025-02-14"},"absolute_dates_time":{"created":"Posted on 2023-01-09 12 h 03 min","modified":"Updated on 2025-02-14 23 h 12 min"},"featured_img_caption":"","featured_img":false,"series_order":"","_links":{"self":[{"href":"https:\/\/revues-alpha.uqam.ca\/feminetudes\/wp-json\/wp\/v2\/pages\/12125","targetHints":{"allow":["GET"]}}],"collection":[{"href":"https:\/\/revues-alpha.uqam.ca\/feminetudes\/wp-json\/wp\/v2\/pages"}],"about":[{"href":"https:\/\/revues-alpha.uqam.ca\/feminetudes\/wp-json\/wp\/v2\/types\/page"}],"author":[{"embeddable":true,"href":"https:\/\/revues-alpha.uqam.ca\/feminetudes\/wp-json\/wp\/v2\/users\/1"}],"replies":[{"embeddable":true,"href":"https:\/\/revues-alpha.uqam.ca\/feminetudes\/wp-json\/wp\/v2\/comments?post=12125"}],"version-history":[{"count":8,"href":"https:\/\/revues-alpha.uqam.ca\/feminetudes\/wp-json\/wp\/v2\/pages\/12125\/revisions"}],"predecessor-version":[{"id":15341,"href":"https:\/\/revues-alpha.uqam.ca\/feminetudes\/wp-json\/wp\/v2\/pages\/12125\/revisions\/15341"}],"up":[{"embeddable":true,"href":"https:\/\/revues-alpha.uqam.ca\/feminetudes\/wp-json\/wp\/v2\/pages\/18"}],"wp:attachment":[{"href":"https:\/\/revues-alpha.uqam.ca\/feminetudes\/wp-json\/wp\/v2\/media?parent=12125"}],"wp:term":[{"taxonomy":"category","embeddable":true,"href":"https:\/\/revues-alpha.uqam.ca\/feminetudes\/wp-json\/wp\/v2\/categories?post=12125"}],"curies":[{"name":"wp","href":"https:\/\/api.w.org\/{rel}","templated":true}]}}